+ 1141?
1143
In base 8, what is -7650 - -2?
-7646
In base 3, what is 2110110 - -11?
2110121
In base 3, what is -2 - -2122?
2120
In base 8, what is -3466 + 11?
-3455
In base 11, what is 47 + -22?
25
In base 13, what is 9b - 0?
9b
In base 4, what is 2132 + -2?
2130
In base 15, what is -3c8 + 2?
-3c6
In base 12, what is 1 + 39?
3a
In base 3, what is -11 + 1212?
1201
In base 3, what is 2 - -2121101?
2121110
In base 6, what is 410 - 5?
401
In base 6, what is 13 + 33?
50
In base 12, what is 550 + 6?
556
In base 3, what is 0 - 1001012?
-1001012
In base 10, what is -4 + 89?
85
In base 12, what is -5 + -261?
-266
In base 11, what is 4 - 108a?
-1086
In base 9, what is -5 + 281?
275
In base 2, what is -10111010 - 0?
-10111010
In base 3, what is -20202 + -10?
-20212
In base 4, what is -12 - 2030?
-2102
In base 13, what is -1 + -8a?
-8b
In base 11, what is -7 - 41?
-48
In base 7, what is 13 - 2?
11
In base 3, what is 111121 - 11?
111110
In base 15, what is 6 + -21?
-1a
In base 11, what is -235 - -3?
-232
In base 9, what is 3 + 440?
443
In base 10, what is 1 - 414?
-413
In base 16, what is 1012 + 0?
1012
In base 7, what is 0 - 1041?
-1041
In base 14, what is -25 - 7?
-2c
In base 9, what is 20 - 13?
6
In base 12, what is 40 + -18?
24
In base 8, what is -22 - 1125?
-1147
In base 7, what is -1040 + -105?
-1145
In base 5, what is 224 + 4?
233
In base 12, what is 0 + 8b?
8b
In base 14, what is -3 + 70?
6b
In base 8, what is 43 + -63?
-20
In base 3, what is 210 + 21?
1001
In base 15, what is 3 + -ee?
-eb
In base 13, what is 4 - 6?
-2
In base 12, what is -9 - 32?
-3b
In base 13, what is 2a - -2?
2c
In base 15, what is -1 - -b2?
b1
In base 10, what is -1327 + -2?
-1329
In base 15, what is -11 - 11?
-22
In base 2, what is 100 - -1100?
10000
In base 16, what is d + -4d1?
-4c4
In base 3, what is 21 + -12002?
-11211
In base 14, what is 4 + 1da?
200
In base 15, what is 7 + 242?
249
In base 6, what is 225 - 10?
215
In base 7, what is -23332 - -1?
-23331
In base 11, what is -5a - 2?
-61
In base 4, what is 102132 - 11?
102121
In base 5, what is -12 - -111?
44
In base 4, what is -203 - 2?
-211
In base 3, what is 1 - -10122022?
10122100
In base 9, what is 11852 + 4?
11856
In base 16, what is 6c - -d0?
13c
In base 4, what is 12001 + 30?
12031
In base 9, what is 7 + -20?
-12
In base 13, what is -a + 18?
b
In base 2, what is 111000010000 - -10?
111000010010
In base 3, what is -11011 + 101?
-10210
In base 5, what is 321040 + 4?
321044
In base 12, what is -5 - -155?
150
In base 2, what is 10010110 + 10?
10011000
In base 10, what is 48 + 4?
52
In base 3, what is -2121 + 2110?
-11
In base 11, what is 59 - 3?
56
In base 2, what is -100000 + -11?
-100011
In base 14, what is -7 - -64?
5b
In base 9, what is -2 - -516?
514
In base 9, what is 3 - 140?
-136
In base 8, what is -7 + 33?
24
In base 15, what is 22 - a?
17
In base 6, what is 2114 + 4?
2122
In base 4, what is 1001010 + 3?
1001013
In base 11, what is 3 + 465?
468
In base 15, what is -cb7 - -1?
-cb6
In base 14, what is 9 + 80?
89
In base 9, what is -77 + 7?
-70
In base 3, what is 2221211112 - 10?
2221211102
In base 16, what is -6 + 16?
10
In base 16, what is b9 + 2b?
e4
In base 4, what is -3013 - 3?
-3022
In base 7, what is 1 + 1213?
1214
In base 5, what is -20314 - -30?
-20234
In base 13, what is -146 - 4?
-14a
In base 16, what is 0 - 9?
-9
In base 4, what is 30 - -2100?
2130
In base 10, what is 5 + 5?
10
In base 16, what is -27 + 2?
-25
In base 7, what is 4 + -251?
-244
In base 15, what is 57e + 1?
580
In base 3, what is -1002220 + 1?
-1002212
In base 14, what is -12 + 47?
35
In base 8, what is -463 + 7?
-454
In base 16, what is 3 - -1a2?
1a5
In base 13, what is -15 + -3?
-18
In base 8, what is 25 - 20?
5
In base 6, what is -2 + -103?
-105
In base 5, what is -210 - -42?
-113
In base 16, what is 0 - 9?
-9
In base 3, what is 21110 + -2211?
11122
In base 2, what is -100000100110101 + -1?
-100000100110110
In base 11, what is -4 + 51?
48
In base 9, what is -4 - 1012?
-1016
In base 6, what is -3304 - 0?
-3304
In base 2, what is -11 - 1011101?
-1100000
In base 11, what is 0 - 68?
-68
In base 10, what is 145 + -4?
141
In base 8, what is 11 + 2421?
2432
In base 6, what is 4 - 55?
-51
In base 10, what is 5 + 24?
29
In base 16, what is 3a3 + 3?
3a6
In base 7, what is 201 - 1?
200
In base 3, what is -100122 + 12?
-100110
In base 4, what is 203 - -2?
211
In base 4, what is -10 - 2?
-12
In base 12, what is -261 - -4?
-259
In base 5, what is 0 - -140220?
140220
In base 10, what is -4 + -88?
-92
In base 13, what is 80 - c?
71
In base 3, what is 1212 - 2?
1210
In base 16, what is 158 - 0?
158
In base 13, what is 233 - -1?
234
In base 8, what is 12 + -170?
-156
In base 6, what is -2 - -202?
200
In base 5, what is -4 - -110?
101
In base 7, what is 4 + 10552?
10556
In base 9, what is -5 - -84?
78
In base 12, what is -59 + 1?
-58
In base 12, what is -3 + 33?
30
In base 9, what is 14 + -257?
-243
In base 3, what is -22002 - -12?
-21220
In base 15, what is 5a + e?
69
In base 9, what is 5 - 0?
5
In base 3, what is -10 - -1212?
1202
In base 13, what is -4 + -42?
-46
In base 12, what is 1 - 192?
-191
In base 10, what is 11 - 70?
-59
In base 8, what is 2 - 356?
-354
In base 10, what is 5 + -2875?
-2870
In base 8, what is 32 + -536?
-504
In base 3, what is -1102112 - -21?
-1102021
In base 11, what is 5921 + 5?
5926
In base 3, what is -211010 + 2?
-211001
In base 8, what is -6 + -122?
-130
In base 8, what is 2 - -32?
34
In base 10, what is 440 - -5?
445
In base 3, what is 210 + 22011?
22221
In base 10, what is -1541 - -3?
-1538
In base 2, what is -101 + 1100001?
1011100
In base 4, what is 213 + -3?
210
In base 13, what is 4 - -3b3?
3b7
In base 2, what is -111010 + 11000?
-100010
In base 7, what is -16 - -54?
35
In base 16, what is 2d + 10?
3d
In base 3, what is 102 + -102?
0
In base 12, what is 40 - 262?
-222
In base 10, what is 7432 + -4?
7428
In base 8, what is 3 - 0?
3
In base 9, what is -57 - -277?
220
In base 6, what is -23 - 225?
-252
In base 14, what is 4 - -38?
3c
In base 6, what is -113301 - 3?
-113304
In base 10, what is -1625 - -2?
-1623
In base 7, what is -114 - -16?
-65
In base 15, what is 1654 + 1?
1655
In base 11, what is 2 - 1a9?
-1a7
In base 8, what is 5 + 36?
43
In base 7, what is -1534 - 45?
-1612
In base 13, what is -43 - -4?
-3c
In base 5, what is 124433 - 0?
124433
In base 10, what is -1225 - 3?
-1228
In base 4, what is 3320 - -122?
10102
In base 11, what is -10 - 24?
-34
In base 13, what is -5 + 2a?
25
In base 16, what is 0 + -4a?
-4a
In base 14, what is -6 + -21b?
-223
In base 12, what is -3 + -306?
-309
In base 3, what is -11200 - -11?
-11112
In base 13, what is 4b - 3?
48
In base 12, what is -105 + 3?
-102
In base 8, what is -2 + -360?
-362
In base 8, what is 54 - -5?
61
In base 15, what is -4 - -356?
352
In base 6, what is -1120 - -45?
-1031
In base 10, what is -209 + 30?
-179
In base 2, what is -1100010 + 1001?
-1011001
In base 6, what is 2 - 121?
-115
In base 16, what is -5 - -f1c?
f17
In base 15, what is 13 + -10?
3
In base 5, what is -12 + 2303?
2241
In base 6, what is 12 + -4140?
-4124
In base 9, what is -5 + 48?
43
In base 8, what is -571 + -4?
-575
In base 13, what is -170 - -9?
-164
In base 7, what is -143 - 112?
-255
In base 6, what is 2 - 130?
-124
In base 10, what is -34 - 4?
-38
In base 13, what is -90 - 4?
-94
In base 10, what is -26 - -2?
-24
In base 8, what is 121 + 30?
151
In base 10, what is 2 + 4?
6
In base 5, what is 14 + 343?
412
In base 4, what is 1223 - -3?
1232
In base 16, what is 1875 - -5?
187a
In base 11, what is -1388 + 4?
-1384
In base 5, what is -112 - 3331?
-3443
In base 12, what is -6b26 + 3?
-6b23
In base 13, what is 109 + 3?
10c
In base 2, what is -101 + -111100?
-1000001
In base 14, what is 1 + 3aa?
3ab
In base 9, what is 3 - -583?
586
In base 14, what is 9d - 1?
9c
In base 7, what is 0 + -450?
-450
In base 8, what is -445 + 111?
-334
In base 11, what is 0 - a?
-a
In base 13, what is -242 - 2?
-244
In base 12, what is -5 - 9b?
-a4
In base 12, what is -5 + -1a67?
-1a70
In base 2, what is -10001 - 1010010?
-1100011
In base 9, what is -3 - 606?
-610
In base 13, what is -2 + c7c?
c7a
In base 16, what is 5 - -e?
13
In base 3, what is 1111 - 11?
1100
In base 6, what is -41 + -1?
-42
In base 4, wha